{"id":258,"date":"2026-08-18T20:15:37","date_gmt":"2026-08-18T20:15:37","guid":{"rendered":"https:\/\/www.markriegel.de\/?page_id=258"},"modified":"2026-08-19T08:47:16","modified_gmt":"2026-08-19T08:47:16","slug":"bienvenidos","status":"publish","type":"page","link":"https:\/\/www.markriegel.de\/?page_id=258","title":{"rendered":"Bienvenidos,\u00a0"},"content":{"rendered":"\n<figure class=\"wp-block-image size-full\"><a href=\"https:\/\/www.markriegel.de\/wp-content\/uploads\/2026\/08\/01.jpg\"><img fetchpriority=\"high\" decoding=\"async\" width=\"1000\" height=\"460\" src=\"https:\/\/www.markriegel.de\/wp-content\/uploads\/2026\/08\/01.jpg\" alt=\"\" class=\"wp-image-260\" srcset=\"https:\/\/www.markriegel.de\/wp-content\/uploads\/2026\/08\/01.jpg 1000w, https:\/\/www.markriegel.de\/wp-content\/uploads\/2026\/08\/01-300x138.jpg 300w, https:\/\/www.markriegel.de\/wp-content\/uploads\/2026\/08\/01-768x353.jpg 768w\" sizes=\"(max-width: 1000px) 100vw, 1000px\" \/><\/a><\/figure>\n\n\n\n<h2 class=\"wp-block-heading\">Seid gegr\u00fc\u00dft auf meiner pers\u00f6nlichen Homepage.<\/h2>\n\n\n\n<h2 class=\"wp-block-heading\">Ich stelle euch hier einen Auszug aus einigen meiner gef\u00fchrten Reisen zur Verf\u00fcgung.&nbsp;<\/h2>\n\n\n\n<h2 class=\"wp-block-heading\">Konzept: die Idee hinter meinem Konzept ist es , ein Reiseunikat zu erstellen. Die Reiseteilnehmer entwickeln gemeinsam mit mir ein auf sie pers\u00f6nlich und ihre Interessen ausgerichtetes Reiseprogramm. Vom Transportmittel vor Ort \u00fcber das&nbsp; kulturelle oder&nbsp; sportliche Programm bis hin zu den sozialen Aktivit\u00e4ten bei denen wir Menschen in ihrem Alltag kennenlernen bis hin zu Friern, Festen und einsamen Str\u00e4nden- alles wird pers\u00f6nlich auf Euch zugeschnitten.&nbsp;<\/h2>\n\n\n\n<h2 class=\"wp-block-heading\">Meine Expertise und pers\u00f6nlichen Kontakte weltweit zu Freunden oder zu den Repr\u00e4sentanten lokaler Reiseagenturen&nbsp; sind der Katalysator dass wir gemeinsam einzigartige und ECHTE pers\u00f6nliche Reiseerlebnisse geschenkt bekommen.<\/h2>\n\n\n\n<p class=\"wp-block-paragraph\">Taucht ein in meine Impressionen die ich euch zur Verf\u00fcgung stelle.<\/p>\n","protected":false},"excerpt":{"rendered":"<p>Seid gegr\u00fc\u00dft auf meiner pers\u00f6nlichen Homepage. Ich stelle euch hier einen Auszug aus einigen meiner gef\u00fchrten Reisen zur Verf\u00fcgung.&nbsp; Konzept: die Idee hinter meinem Konzept&hellip;<\/p>\n","protected":false},"author":1,"featured_media":260,"parent":0,"menu_order":0,"comment_status":"closed","ping_status":"closed","template":"","meta":{"footnotes":""},"class_list":["post-258","page","type-page","status-publish","has-post-thumbnail","hentry"],"_links":{"self":[{"href":"https:\/\/www.markriegel.de\/index.php?rest_route=\/wp\/v2\/pages\/258","targetHints":{"allow":["GET"]}}],"collection":[{"href":"https:\/\/www.markriegel.de\/index.php?rest_route=\/wp\/v2\/pages"}],"about":[{"href":"https:\/\/www.markriegel.de\/index.php?rest_route=\/wp\/v2\/types\/page"}],"author":[{"embeddable":true,"href":"https:\/\/www.markriegel.de\/index.php?rest_route=\/wp\/v2\/users\/1"}],"replies":[{"embeddable":true,"href":"https:\/\/www.markriegel.de\/index.php?rest_route=%2Fwp%2Fv2%2Fcomments&post=258"}],"version-history":[{"count":2,"href":"https:\/\/www.markriegel.de\/index.php?rest_route=\/wp\/v2\/pages\/258\/revisions"}],"predecessor-version":[{"id":319,"href":"https:\/\/www.markriegel.de\/index.php?rest_route=\/wp\/v2\/pages\/258\/revisions\/319"}],"wp:featuredmedia":[{"embeddable":true,"href":"https:\/\/www.markriegel.de\/index.php?rest_route=\/wp\/v2\/media\/260"}],"wp:attachment":[{"href":"https:\/\/www.markriegel.de\/index.php?rest_route=%2Fwp%2Fv2%2Fmedia&parent=258"}],"curies":[{"name":"wp","href":"https:\/\/api.w.org\/{rel}","templated":true}]}}

<figure class="wp-block-image size-full"><a href="https://www.markriegel.de/wp-content/uploads/2026/08/01.jpg"><img fetchpriority="high" decoding="async" width="1000" height="460" src="https://www.markriegel.de/wp-content/uploads/2026/08/01.jpg" alt="" class="wp-image-260" srcset="https://www.markriegel.de/wp-content/uploads/2026/08/01.jpg 1000w, https://www.markriegel.de/wp-content/uploads/2026/08/01-300x138.jpg 300w, https://www.markriegel.de/wp-content/uploads/2026/08/01-768x353.jpg 768w" sizes="(max-width: 1000px) 100vw, 1000px" /></a></figure>



<h2 class="wp-block-heading">Seid gegrüßt auf meiner persönlichen Homepage.</h2>



<h2 class="wp-block-heading">Ich stelle euch hier einen Auszug aus einigen meiner geführten Reisen zur Verfügung.&nbsp;</h2>



<h2 class="wp-block-heading">Konzept: die Idee hinter meinem Konzept ist es , ein Reiseunikat zu erstellen. Die Reiseteilnehmer entwickeln gemeinsam mit mir ein auf sie persönlich und ihre Interessen ausgerichtetes Reiseprogramm. Vom Transportmittel vor Ort über das&nbsp; kulturelle oder&nbsp; sportliche Programm bis hin zu den sozialen Aktivitäten bei denen wir Menschen in ihrem Alltag kennenlernen bis hin zu Friern, Festen und einsamen Stränden- alles wird persönlich auf Euch zugeschnitten.&nbsp;</h2>



<h2 class="wp-block-heading">Meine Expertise und persönlichen Kontakte weltweit zu Freunden oder zu den Repräsentanten lokaler Reiseagenturen&nbsp; sind der Katalysator dass wir gemeinsam einzigartige und ECHTE persönliche Reiseerlebnisse geschenkt bekommen.</h2>



<p class="wp-block-paragraph">Taucht ein in meine Impressionen die ich euch zur Verfügung stelle.</p>

<p>Seid gegrüßt auf meiner persönlichen Homepage. Ich stelle euch hier einen Auszug aus einigen meiner geführten Reisen zur Verfügung.&nbsp; Konzept: die Idee hinter meinem Konzept&hellip;</p>
